
In base 12, what is -2 + -21050?
-21052
In base 2, what is 101110000010011011010 + -11?
101110000010011010111
In base 9, what is -14 + -533?
-547
In base 10, what is 240031 - 1?
240030
In base 14, what is -2 + 1c33?
1c31
In base 13, what is 414 - -3b93?
42a7
In base 15, what is 39b + -13?
388
In base 14, what is 32d52 - 4?
32d4c
In base 12, what is 907 - -b8?
a03
In base 4, what is -212112301111 - 11?
-212112301122
In base 11, what is -22 + 7632?
7610
In base 4, what is -10 + 131110213?
131110203
In base 6, what is -505 - -30411?
25502
In base 7, what is 13 - -1050614?
1050630
In base 10, what is -6 + 1810?
1804
In base 2, what is -1101011 - -1010110110111101?
1010110101010010
In base 2, what is -110101010010000 + -10?
-110101010010010
In base 5, what is -31 - -404130?
404044
In base 16, what is -6 + -4974b?
-49751
In base 7, what is -4 + -4426?
-4433
In base 13, what is -749b6 + -1?
-749b7
In base 2, what is -1010111 - 10101011001?
-10110110000
In base 2, what is 10 + 1101010111000?
1101010111010
In base 9, what is 35 - -33014?
33050
In base 15, what is -531 - 112?
-643
In base 15, what is 3d0d1 - 8?
3d0c8
In base 8, what is 203 - 1211?
-1006
In base 7, what is -4265 - 30?
-4325
In base 3, what is -20 - 11102110?
-11102200
In base 13, what is 2807 + 4?
280b
In base 8, what is 733 - -26727?
27662
In base 15, what is -4645 - 7a?
-46c0
In base 4, what is 3211113332 + -10?
3211113322
In base 8, what is -754 - 70?
-1044
In base 7, what is 2 + -1044411?
-1044406
In base 9, what is 108387 - -3?
108401
In base 3, what is 1102 + 100111?
101220
In base 11, what is 3a691 + 0?
3a691
In base 8, what is 0 + 12117?
12117
In base 8, what is -10324 + -272?
-10616
In base 8, what is 54663 - -17?
54702
In base 5, what is 4413 - 123?
4240
In base 7, what is 133 - -2425?
2561
In base 2, what is -1000010100111 - 1010001?
-1000011111000
In base 16, what is -1191 - -8?
-1189
In base 10, what is 49 + 970?
1019
In base 5, what is -1122 + -24003?
-30130
In base 13, what is -1078 + -3?
-107b
In base 3, what is 1112 + -1202210102?
-1202201220
In base 9, what is 255 - -581?
846
In base 13, what is 3 + -424?
-421
In base 4, what is 22 - -1130323?
1131011
In base 4, what is 22021100 - 1?
22021033
In base 15, what is -13 - 6e9a?
-6ead
In base 7, what is 2 + 665101?
665103
In base 9, what is -24 + -70150?
-70174
In base 10, what is -19731 + 4?
-19727
In base 14, what is -c79 - -35?
-c44
In base 9, what is 3 - 10115?
-10112
In base 10, what is 795670 + -2?
795668
In base 15, what is -1c - -187c?
1860
In base 2, what is -101100111010 - 101010101?
-110010001111
In base 6, what is -5042 - 344?
-5430
In base 3, what is 1011110101 + 201?
1011111002
In base 5, what is -33 - 10143?
-10231
In base 7, what is 10625 - -6?
10634
In base 3, what is 112001020 - -12?
112001102
In base 8, what is 373 - -512?
1105
In base 11, what is -217 + 8a?
-138
In base 4, what is 2010 - -3030?
11100
In base 16, what is 536c - 2?
536a
In base 11, what is 11 - -91a9?
920a
In base 14, what is -2da - 1044?
-1340
In base 8, what is -3 - 17243?
-17246
In base 5, what is -24204 - 20?
-24224
In base 16, what is 16fd0 + 5?
16fd5
In base 11, what is -1 - 217a08?
-217a09
In base 16, what is 33e30 + 7?
33e37
In base 4, what is -11 - -203202222?
203202211
In base 5, what is -3122402 + -10?
-3122412
In base 7, what is 5 - 13522322?
-13522314
In base 13, what is 2 + -122c?
-122a
In base 6, what is -13101 + 114?
-12543
In base 15, what is -3a + -1352?
-138c
In base 10, what is 221788 + -6?
221782
In base 6, what is -15 + -33441?
-33500
In base 4, what is -10 - -311110313?
311110303
In base 14, what is 6 + -631?
-629
In base 15, what is -1a49 - -50?
-19e9
In base 14, what is 0 - -117c?
117c
In base 10, what is 2 - -15810?
15812
In base 5, what is 32 - 11042000?
-11041413
In base 13, what is 29 - 74445?
-74419
In base 11, what is -1128 + 59?
-107a
In base 2, what is -10110111010011100 - -100?
-10110111010011000
In base 3, what is -10010002 - 111102?
-10121111
In base 4, what is 133313 - 131?
133122
In base 16, what is -4c41 + -5?
-4c46
In base 14, what is -26a739 - -3?
-26a736
In base 4, what is -121123 - -100?
-121023
In base 2, what is 100011 - -1111100111?
10000001010
In base 3, what is 221101122222 + 12?
221101200011
In base 13, what is -29492 - 19?
-294ab
In base 8, what is 3572 - -310?
4102
In base 4, what is -11 + 1313123?
1313112
In base 16, what is 4b92 + -53?
4b3f
In base 4, what is -1212100 + -312?
-1213012
In base 13, what is -1 - -4252?
4251
In base 7, what is -5 + -62066?
-62104
In base 9, what is 100 + -30663?
-30563
In base 6, what is 205150 - -143?
205333
In base 15, what is -21a8d + -6?
-21a94
In base 6, what is -24 - -24342?
24314
In base 11, what is -13 - -295a?
2947
In base 2, what is 10000 + -10010101011001100?
-10010101010111100
In base 5, what is -3431021213 + 10?
-3431021203
In base 14, what is 3c + 1db1?
200d
In base 4, what is -102121210 - -10?
-102121200
In base 2, what is -1001100000100011101 + 111?
-1001100000100010110
In base 3, what is -2 + 12210010?
12210001
In base 4, what is -2021312 - -13?
-2021233
In base 10, what is 135 + -3926?
-3791
In base 4, what is 111032330 - 13?
111032311
In base 15, what is -5 + a6a6?
a6a1
In base 4, what is 332100 + 10?
332110
In base 9, what is -41105 - 28?
-41134
In base 2, what is -1110101000 - -11100?
-1110001100
In base 5, what is 1 - -132024?
132030
In base 3, what is 1201202 - -12020000?
20221202
In base 11, what is -4 + -476700?
-476704
In base 10, what is -1036134 - 7?
-1036141
In base 11, what is 130 + 1467?
1597
In base 2, what is -100100011111 + 10011000?
-100010000111
In base 14, what is 16cad - -4?
16cb3
In base 10, what is -2 + -716?
-718
In base 16, what is 6a + -3?
67
In base 14, what is 5b2 + 79?
64b
In base 13, what is -9631 + -14?
-9645
In base 14, what is 3 - -13049?
1304c
In base 9, what is 285 + 1871?
2266
In base 7, what is -3 + 6656?
6653
In base 9, what is -13153825 - -5?
-13153820
In base 9, what is -13305 - 2?
-13307
In base 5, what is 343012 + -12?
343000
In base 6, what is -12454 - 240?
-13134
In base 8, what is -3 - -1421543?
1421540
In base 13, what is -92 + -7b38?
-7bca
In base 13, what is -26bc + 142?
-257a
In base 5, what is -4311 - -1400?
-2411
In base 3, what is 20100 + -10011?
10012
In base 3, what is 212 + -111021102111?
-111021101122
In base 14, what is 16d93 - 0?
16d93
In base 8, what is -1207 + -1236?
-2445
In base 2, what is -1000 - 101000101010?
-101000110010
In base 6, what is 133 - 10151?
-10014
In base 7, what is 32 - -3421?
3453
In base 6, what is 245 - 534202?
-533513
In base 11, what is 5 - -17486?
17490
In base 5, what is -220032240 + 10?
-220032230
In base 13, what is -695c - 0?
-695c
In base 16, what is -b94a - -5?
-b945
In base 2, what is -101 - -1001100111111000?
1001100111110011
In base 5, what is -313 + -44301?
-100114
In base 9, what is 1 - -150831?
150832
In base 13, what is -15 - -721?
709
In base 15, what is b12 - 22?
ae0
In base 2, what is -1011001010110 - 11?
-1011001011001
In base 13, what is -ac - 5ca?
-6a9
In base 13, what is 12 - -10?
22
In base 16, what is -2 + -17cbd?
-17cbf
In base 5, what is -204301344 + 1?
-204301343
In base 12, what is -b1110 - 1?
-b1111
In base 6, what is -32531 + 341?
-32150
In base 9, what is -2080113 - 2?
-2080115
In base 2, what is -11101001 + -101011101?
-1001000110
In base 9, what is -5 - 2136?
-2142
In base 13, what is -3380 - -9?
-3374
In base 2, what is -10010101010 + -1000001?
-10011101011
In base 10, what is 1701 - 8?
1693
In base 16, what is -10 + 3?
-d
In base 10, what is 29498 + -13?
29485
In base 16, what is -5a4cd + -1?
-5a4ce
In base 16, what is d4b0 - 4?
d4ac
In base 11, what is -280019 - 1?
-28001a
In base 12, what is -97 - -695?
5ba
In base 3, what is -1001220 + -211?
-1002201
In base 9, what is 115306 + -4?
115302
In base 16, what is 4035 - 7?
402e
In base 4, what is -223203010 + 1?
-223203003
In base 3, what is 0 - 2201001100?
-2201001100
In base 10, what is -1 - 971?
-972
In base 10, what is 78568 + 2?
78570
In base 10, what is 3694 + 4?
3698
In base 3, what is 0 + 221212111?
221212111
In base 9, what is -2 - 2124422?
-2124424
In base 9, what is 5 + 71453?
71458
In base 13, what is 42b - -4?
432
In base 11, what is 1a87 + 604?
2590
In base 4